mainder when 935 is divided by 15?
5
What is the remainder when 2607 is divided by 45?
42
Calculate the remainder when 447 is divided by 10.
7
Calculate the remainder when 28 is divided by 20.
8
What is the remainder when 773 is divided by 37?
33
What is the remainder when 1463 is divided by 27?
5
What is the remainder when 3333 is divided by 115?
113
Calculate the remainder when 1129 is divided by 161.
2
What is the remainder when 4493 is divided by 1114?
37
Calculate the remainder when 786 is divided by 381.
24
Calculate the remainder when 750 is divided by 55.
35
Calculate the remainder when 1714 is divided by 44.
42
Calculate the remainder when 635 is divided by 58.
55
What is the remainder when 1006 is divided by 293?
127
Calculate the remainder when 574 is divided by 32.
30
What is the remainder when 4539 is divided by 15?
9
Calculate the remainder when 634 is divided by 5.
4
Calculate the remainder when 103 is divided by 33.
4
Calculate the remainder when 292 is divided by 49.
47
Calculate the remainder when 630 is divided by 4.
2
What is the remainder when 336 is divided by 15?
6
What is the remainder when 5601 is divided by 12?
9
What is the remainder when 90 is divided by 19?
14
What is the remainder when 611 is divided by 606?
5
What is the remainder when 12638 is divided by 158?
156
Calculate the remainder when 11052 is divided by 1381.
4
Calculate the remainder when 85 is divided by 11.
8
Calculate the remainder when 82 is divided by 8.
2
What is the remainder when 14 is divided by 8?
6
Calculate the remainder when 529 is divided by 38.
35
Calculate the remainder when 1522 is divided by 109.
105
Calculate the remainder when 9839 is divided by 15.
14
Calculate the remainder when 184 is divided by 22.
8
Calculate the remainder when 1874 is divided by 94.
88
What is the remainder when 216 is divided by 21?
6
What is the remainder when 179 is divided by 20?
19
Calculate the remainder when 4098 is divided by 50.
48
What is the remainder when 24049 is divided by 325?
324
What is the remainder when 491 is divided by 60?
11
What is the remainder when 122 is divided by 115?
7
What is the remainder when 15312 is divided by 15?
12
What is the remainder when 704 is divided by 29?
8
What is the remainder when 579 is divided by 27?
12
Calculate the remainder when 1291 is divided by 1283.
8
What is the remainder when 5406 is divided by 44?
38
What is the remainder when 36 is divided by 9?
0
What is the remainder when 73 is divided by 20?
13
Calculate the remainder when 70 is divided by 37.
33
What is the remainder when 181 is divided by 19?
10
What is the remainder when 241 is divided by 82?
77
Calculate the remainder when 181 is divided by 19.
10
What is the remainder when 194 is divided by 37?
9
What is the remainder when 286 is divided by 76?
58
What is the remainder when 6117 is divided by 40?
37
What is the remainder when 925 is divided by 912?
13
Calculate the remainder when 383 is divided by 42.
5
Calculate the remainder when 1734 is divided by 67.
59
Calculate the remainder when 3719 is divided by 927.
11
Calculate the remainder when 553 is divided by 539.
14
What is the remainder when 530 is divided by 67?
61
What is the remainder when 113 is divided by 17?
11
Calculate the remainder when 636 is divided by 109.
91
Calculate the remainder when 15 is divided by 8.
7
Calculate the remainder when 2593 is divided by 1292.
9
What is the remainder when 535 is divided by 49?
45
Calculate the remainder when 999 is divided by 11.
9
What is the remainder when 21 is divided by 9?
3
What is the remainder when 1729 is divided by 214?
17
Calculate the remainder when 163 is divided by 33.
31
What is the remainder when 17 is divided by 4?
1
Calculate the remainder when 302 is divided by 93.
23
What is the remainder when 219 is divided by 25?
19
What is the remainder when 2515 is divided by 28?
23
What is the remainder when 37039 is divided by 16?
15
What is the remainder when 260 is divided by 87?
86
Calculate the remainder when 1331 is divided by 37.
36
What is the remainder when 1177 is divided by 32?
25
What is the remainder when 3231 is divided by 53?
51
What is the remainder when 617 is divided by 24?
17
What is the remainder when 2205 is divided by 315?
0
What is the remainder when 148 is divided by 5?
3
What is the remainder when 367 is divided by 37?
34
What is the remainder when 256 is divided by 29?
24
Calculate the remainder when 1767 is divided by 137.
123
Calculate the remainder when 2275 is divided by 55.
20
Calculate the remainder when 2807 is divided by 26.
25
What is the remainder when 75 is divided by 23?
6
Calculate the remainder when 7633 is divided by 23.
20
Calculate the remainder when 5533 is divided by 16.
13
Calculate the remainder when 116 is divided by 13.
12
What is the remainder when 1216 is divided by 13?
7
What is the remainder when 2392 is divided by 790?
22
What is the remainder when 46 is divided by 3?
1
What is the remainder when 40 is divided by 25?
15
What is the remainder when 1849 is divided by 103?
98
Calculate the remainder when 7479 is divided by 44.
43
Calculate the remainder when 318 is divided by 231.
87
Calculate the remainder when 76 is divided by 4.
0
Calculate the remainder when 343 is divided by 111.
10
What is the remainder when 89 is divided by 47?
42
Calculate the remainder when 207 is divided by 109.
98
What is the remainder when 1049 is divided by 21?
20
Calculate the remainder when 185 is divided by 60.
5
Calculate the remainder when 440 is divided by 74.
70
What is the remainder when 77 is divided by 23?
8
Calculate the remainder when 117 is divided by 21.
12
Calculate the remainder when 802 is divided by 67.
65
Calculate the remainder when 49 is divided by 15.
4
Calculate the remainder when 287 is divided by 17.
15
Calculate the remainder when 757 is divided by 86.
69
Calculate the remainder when 13158 is divided by 6577.
4
What is the remainder when 628 is divided by 62?
8
What is the remainder when 196 is divided by 9?
7
Calculate the remainder when 1107 is divided by 49.
29
What is the remainder when 479 is divided by 100?
79
What is the remainder when 39 is divided by 35?
4
What is the remainder when 573 is divided by 32?
29
Calculate the remainder when 254 is divided by 65.
59
Calculate the remainder when 1217 is divided by 132.
29
Calculate the remainder when 8239 is divided by 103.
102
What is the remainder when 151 is divided by 28?
11
Calculate the remainder when 2143 is divided by 86.
79
What is the remainder when 1102 is divided by 257?
74
What is the remainder when 2123 is divided by 264?
11
What is the remainder when 3089 is divided by 34?
29
Calculate the remainder when 4287 is divided by 78.
75
What is the remainder when 2600 is divided by 19?
16
Calculate the remainder when 242 is divided by 24.
2
Calculate the remainder when 665 is divided by 62.
45
Calculate the remainder when 3549 is divided by 32.
29
What is the remainder when 135 is divided by 42?
9
Calculate the remainder when 669 is divided by 48.
45
What is the remainder when 84 is divided by 22?
18
Calculate the remainder when 2158 is divided by 54.
52
Calculate the remainder when 70 is divided by 20.
10
Calculate the remainder when 1337 is divided by 90.
77
What is the remainder when 52 is divided by 31?
21
Calculate the remainder when 23 is divided by 8.
7
Calculate the remainder when 664 is divided by 23.
20
Calculate the remainder when 63 is divided by 25.
13
Calculate the remainder when 100 is divided by 11.
1
Calculate the remainder when 574 is divided by 63.
7
What is the remainder when 64 is divided by 28?
8
What is the remainder when 982 is divided by 41?
39
What is the remainder when 3856 is divided by 19?
18
What is the remainder when 57 is divided by 40?
17
What is the remainder when 171 is divided by 43?
42
Calculate the remainder when 705 is divided by 110.
45
Calculate the remainder when 162 is divided by 24.
18
Calculate the remainder when 1049 is divided by 255.
29
Calculate the remainder when 53 is divided by 45.
8
Calculate the remainder when 280 is divided by 29.
19
What is the remainder when 898 is divided by 45?
43
Calculate the remainder when 327 is divided by 8.
7
What is the remainder when 15